(4).
15
Let d(c) = -c**2 + 127891*c + 895282. Give d(-7).
-4
Let z(d) = 3770*d - 1828453. Determine z(485).
-3
Let p(v) = -v**3 - 20*v**2 - 4*v + 36. Calculate p(-4).
-204
Let g(x) = -19413*x + 37195306. Determine g(1916).
-2
Let v(n) = n**3 - 286*n**2 + 1146*n - 4998. Calculate v(282).
78
Let v(f) = 1492*f - 82595. Calculate v(54).
-2027
Let r(i) = -i**2 - 6*i + 610. Calculate r(17).
219
Let s(q) = 2*q**3 - 63*q**2 - 40*q + 103. Give s(32).
-153
Let f(w) = -12*w**2 + 3015*w - 782. What is f(251)?
-29
Let d(m) = 605*m - 826. Give d(5).
2199
Let p(f) = 4*f**2 + 217*f - 2526. Give p(11).
345
Let h(w) = 8198*w + 40891. Give h(-5).
-99
Let y(t) = -t**2 - 169024*t - 1352182. What is y(-8)?
-54
Let w(d) = 4840*d + 82166. What is w(-17)?
-114
Let n(l) = l**2 - 24*l - 629. Determine n(26).
-577
Let w(q) = q**3 - 72*q**2 + 153*q - 139. What is w(70)?
771
Let r(j) = 4*j**3 + 1000*j**2 - 19*j - 4799. Give r(-250).
-49
Let q(i) = -8*i**3 - 67*i**2 + 60*i - 700. What is q(-10)?
0
Let o(d) = -d**3 - 133*d**2 + 818*d - 2148. Give o(-139).
76
Let x(j) = j**2 - 382*j - 15415. What is x(-39)?
1004
Let z(p) = 14*p**3 + 4*p**2 + 77*p - 361. Determine z(5).
1874
Let b(w) = -69*w**3 - 2071*w**2 + 5*w + 1031. Determine b(-30).
-19
Let u(t) = 950*t + 241502. Determine u(-256).
-1698
Let g(p) = 8*p**3 + 17*p**2 - 114*p + 575. Give g(6).
2231
Let o(p) = 36*p**3 + 1727*p**2 - 46*p + 129. Calculate o(-48).
33
Let v(l) = 452*l**2 - 2597*l - 13231. Calculate v(9).
8
Let b(u) = -18*u**2 - 305*u - 18. Determine b(-17).
-35
Let l(a) = 3*a**3 + 26*a**2 - 161*a - 2129. Calculate l(-14).
-3011
Let r(o) = 2*o**2 - 99*o + 610. What is r(46)?
288
Let o(t) = 57*t**3 + 364*t**2 + 3*t - 31. Calculate o(-6).
743
Let f(z) = 15*z**2 - 1174*z + 19127. What is f(23)?
60
Let a(v) = -40*v**2 - 1794*v + 285. What is a(-45)?
15
Let u(b) = b**2 + 229*b + 12849. Determine u(-131).
11
Let b(q) = 485*q - 14587. Calculate b(30).
-37
Let q(p) = -63570*p - 826414. Determine q(-13).
-4
Let i(x) = -64*x**2 + 37*x + 146. Calculate i(2).
-36
Let t(p) = -231*p + 2057. Determine t(11).
-484
Let d(n) = -2881*n - 293852. Calculate d(-102).
10
Let h(p) = -228299*p - 228286. Determine h(-1).
13
Let z(b) = -41861*b + 41787. Give z(1).
-74
Let m(x) = 2*x**3 - 335*x**2 + 6843*x + 44. Determine m(24).
-1036
Let b(d) = 4650*d - 60442. Determine b(13).
8
Let i(u) = -u**3 + 26*u**2 + 108*u - 2864. Calculate i(12).
448
Let h(c) = -6*c**3 - 4*c**2 + 536*c + 1089. Determine h(-2).
49
Let h(c) = -57*c**2 + 1782*c - 654. What is h(31)?
-189
Let a(d) = 937*d + 99331. Calculate a(-106).
9
Let d(c) = 6*c**3 - 102*c**2 - 21*c + 46. Determine d(0).
46
Let f(o) = -197*o**2 - 400*o - 805. Calculate f(-2).
-793
Let g(u) = -u**3 - 30*u**2 + 217*u + 10. Determine g(-36).
-26
Let i(q) = q**3 + 17*q**2 - 5206*q - 83322. Determine i(-16).
230
Let g(k) = k**3 - 240*k**2 + 897*k + 4885. Give g(-3).
7
Let c(g) = -8*g**2 - 378*g + 17496. Give c(29).
-194
Let l(t) = 19*t**2 - 170*t - 26. Determine l(12).
670
Let r(g) = -7*g**2 + 214*g + 22. Determine r(15).
1657
Let l(n) = n**2 + 316*n + 10219. Calculate l(-37).
-104
Let u(w) = 2*w**3 - 115*w**2 + 624*w - 78. Give u(6).
-42
Let u(m) = 26*m**2 - 8287*m + 6009. What is u(318)?
-33
Let c(q) = -3*q**2 - 331*q - 7133. Determine c(-24).
-917
Let g(u) = -37792*u + 1473894. Calculate g(39).
6
Let x(p) = -16727*p**2 - 133829*p + 13. Determine x(-8).
117
Let t(q) = -q**3 + 5*q**2 + 25*q - 217. What is t(6)?
-103
Let u(x) = 2*x**2 + 1374*x + 50565. Calculate u(-39).
21
Let q(k) = 758*k - 9988. What is q(14)?
624
Let j(u) = -3*u**2 + 6699*u - 6692. Determine j(1).
4
Let v(o) = -8952*o + 214854. Calculate v(24).
6
Let l(r) = -75*r - 3722. Determine l(-33).
-1247
Let v(o) = -4939*o**2 - 113598*o + 29. Give v(-23).
52
Let y(l) = l**3 - 19*l**2 - 73*l + 564. Determine y(22).
410
Let w(f) = -6387*f + 447099. Determine w(70).
9
Let t(y) = y**2 - 143089*y - 2575923. Calculate t(-18).
3
Let t(c) = -125*c**2 + 1673*c + 1085. What is t(14)?
7
Let t(l) = 6810*l + 238340. Calculate t(-35).
-10
Let y(n) = 2*n**3 - 16*n**2 + 17*n - 33. Give y(9).
282
Let h(u) = -12012*u - 12052. Give h(-1).
-40
Let v(f) = -f**3 + 18*f**2 - 137*f + 349. Give v(5).
-11
Let b(o) = -30321*o - 60629. Give b(-2).
13
Let i(h) = -6355*h + 1893803. What is i(298)?
13
Let u(v) = -v**3 + 170*v**2 - 829*v + 1144. Determine u(165).
484
Let p(r) = 383393*r - 1533577. What is p(4)?
-5
Let k(h) = 7*h**3 - 115*h**2 - 865*h - 578. What is k(-5)?
-3
Let z(t) = 624*t + 8368. Determine z(-14).
-368
Let s(v) = -2*v**2 + 46682*v - 513250. Give s(11).
10
Let s(w) = -9698*w + 1697169. Give s(175).
19
Let f(y) = 22*y**3 + 513*y**2 + 77*y - 29. Calculate f(-23).
1903
Let z(t) = -t**3 - 19*t**2 + 293*t + 4600. Give z(-23).
-23
Let w(z) = 98*z**2 - 22736*z - 22850. Give w(233).
-16
Let c(h) = -16*h**2 - 5*h + 101. Give c(-8).
-883
Let n(f) = 4*f**2 + 537*f + 9507. Determine n(-21).
-6
Let m(o) = -2*o**2 + 311*o - 12136. Calculate m(51).
-1477
Let p(m) = -m**3 + 31*m**2 + 650*m - 605. Calculate p(-15).
-5
Let x(p) = 43*p + 1290. What is x(-35)?
-215
Let r(j) = -j**3 + 88*j**2 - 415*j - 341. Determine r(83).
-341
Let x(m) = m**3 + 11*m**2 + 19*m - 12. Give x(-9).
-21
Let s(h) = h**3 + 20*h**2 - 47*h + 193. Calculate s(-23).
-313
Let a(w) = 40*w - 2671. What is a(50)?
-671
Let h(f) = 9*f**3 - 84*f**2 + 31*f + 107. Determine h(9).
143
Let j(f) = -3*f**3 - 209*f**2 + 51*f - 1325. Give j(-70).
5
Let u(y) = -2*y**3 + 24*y**2 + 162*y - 1933. What is u(9)?
11
Let m(s) = 1936*s + 61166. Determine m(-30).
3086
Let v(z) = -z**3 + 49*z**2 + 64*z - 1892. What is v(50)?
-1192
Let w(m) = -m**2 + 1219*m - 14486. Determine w(12).
-2
Let o(g) = -78801*g - 551615. Determine o(-7).
-8
Let s(t) = -37*t**3 + 2182*t**2 + 60*t - 25. What is s(59)?
34
Let n(u) = -55066*u - 9801736. Determine n(-178).
12
Let d(w) = -2*w**2 - 104*w + 5440. Determine d(-85).
-170
Let o(l) = 4*l**2 + 10*l - 543. Calculate o(-13).
3
Let d(a) = a**2 + 1498*a - 47432. Calculate d(31).
-33
Let p(c) = -1141*c**2 + 689*c - 688. Determine p(1).
-1140
Let h(y) = 2*y**2 + 1246*y + 11037. Calculate h(-9).
-15
Let m(t) = -t**2 + 5862*t + 64604. Determine m(-11).
1
Let q(h) = -h**2 + 6868*h - 2816330. Give q(438).
10
Let t(a) = 71*a**2 - 1673*a + 3072. Determine t(2).
10
Let f(w) = -8*w**3 + 213*w**2 - 338*w + 300. What is f(25)?
-25
Let r(z) = -z**3 + 137*z**2 + 410*z + 550. Give r(140).
-850
Let y(f) = 709*f + 37589. Determine y(-53).
12
Let m(h) = -706*h - 5951. What is m(-9)?
403
Let i(w) = -w**3 - 146*w**2 + 6546*w + 42. Give i(36).
-174
Let w(g) = 6*g**3 - 135*g**2 + 427*g + 28. Calculate w(4).
-40
Let y(g) = g**2 - 67*g - 8092. Calculate y(129).
-94
Let x(g) = -6613*g - 13236. Calculate x(-2).
-10
Let s(k) = 943102*k - 943092. Give s(1).
10
Let f(n) = -1466*n - 744707. Give f(-508).
21
Let o(y) = -5505*y + 5257277. Determine o(955).
2
Let w(v) = -1849*v + 38759. What is w(21)?
-70
Let m(a) = 29*a**2 + 2135*a + 551. Give m(-72).
-2833
Let r(a) = -49*a**3 + 2218*a**2 - 584*a - 45. Give r(45).
0
Let t(s) = -s**3 - 629*s**2 - 9211*s - 5. Calculate t(-15).
10
Let n(h) = -771*h + 2355. What is n(3)?
42
Let l(u) = 724*u - 126741. Determine l(175).
-41
Let a(p) = -p**3 - 10*p**2 + 43*p + 440. Give a(-13).
388
Let t(c) = 2321*c + 13930. What is t(-6)?
4
Let a(h) = 6*h**3 - 660*h**2 - 8785*h - 38. Calculate a(-12).
-26
Let s(z) = -3*z**3 + 146*z**2 - 878*z + 28. What is s(7)?
7
Let c(x) = 67*x + 194. What is c(-5)?
-141
Let b(n) = 7*n**2 - 30*n - 1047. What is b(0)?
-1047
Let v(o) = o**3 + 3*o**2 + 60*o + 270. Determine v(-5).
-80
Let i(x) = 534*x**2 - 134*x + 285. Determine i(2).
2153
Let y(f) = -f**2 + 5137*f - 132877. Calculate y(26).
9
Let w(h) = -h**2 + 1822*h + 53702. Give w(-29).
23
Let i(u) = -6243625*u + 43705366. Determine i(7).
-9
Let a(i) = -6371*i - 89206. Determine a(-14).
-12
Let j(h) = 727*h + 65831. Calculate j(-95).
-3234
Let h(g) = -2*g**2 + 291*g + 2690. Determine h(-9).
-91
Let b(o) = -1448*o**2 - 83985*o - 28. Determine b(-58).
30
Let s(q) = -2*q**3 + 465*q**2 - 247*q + 3540. Determine s(232).
60
Let h(z) = -4*z**3 + 2*z**2 + 32*z - 20. Determine h(-5).
370
Let z(s) = 2*s**2 - 39*s - 70. Give z(13).
-239
Let b(t) = 120*t**2 + 3748*t + 907. Calculate b(-31).
39
Let k(i) = i**3 + 28*i**2 - 6821*i